{"id":12,"date":"2022-07-18T15:53:31","date_gmt":"2022-07-18T18:53:31","guid":{"rendered":"https:\/\/brai.com.br\/?page_id=12"},"modified":"2024-07-29T19:02:43","modified_gmt":"2024-07-29T22:02:43","slug":"brai","status":"publish","type":"page","link":"https:\/\/brai.com.br\/","title":{"rendered":"BRAI"},"content":{"rendered":"\t\t<div data-elementor-type=\"wp-page\" data-elementor-id=\"12\" class=\"elementor elementor-12\">\n\t\t\t\t\t\t<section class=\"elementor-section elementor-top-section elementor-element elementor-element-f91fc30 elementor-section-boxed elementor-section-height-default elementor-section-height-default elementor-invisible\" data-id=\"f91fc30\" data-element_type=\"section\" data-e-type=\"section\" data-settings=\"{&quot;background_background&quot;:&quot;video&quot;,&quot;animation&quot;:&quot;fadeIn&quot;,&quot;background_video_link&quot;:&quot;http:\\\/\\\/brai.com.br\\\/wp-content\\\/uploads\\\/2022\\\/07\\\/backg98.mp4&quot;}\">\n\t\t\t\t\t\t\t\t<div class=\"elementor-background-video-container elementor-hidden-mobile\">\n\t\t\t\t\t\t\t\t\t\t\t\t\t<video class=\"elementor-background-video-hosted\" role=\"presentation\" autoplay muted playsinline loop><\/video>\n\t\t\t\t\t\t\t\t\t\t\t<\/div>\n\t\t\t\t\t\t\t\t<div class=\"elementor-container elementor-column-gap-default\">\n\t\t\t\t\t<div class=\"elementor-column elementor-col-100 elementor-top-column elementor-element elementor-element-f867153\" data-id=\"f867153\" data-element_type=\"column\" data-e-type=\"column\">\n\t\t\t<div class=\"elementor-widget-wrap elementor-element-populated\">\n\t\t\t\t\t\t<div class=\"elementor-element elementor-element-bbee7c6 elementor-widget elementor-widget-spacer\" data-id=\"bbee7c6\" data-element_type=\"widget\" data-e-type=\"widget\" data-widget_type=\"spacer.default\">\n\t\t\t\t<div class=\"elementor-widget-container\">\n\t\t\t\t\t\t\t<div class=\"elementor-spacer\">\n\t\t\t<div class=\"elementor-spacer-inner\"><\/div>\n\t\t<\/div>\n\t\t\t\t\t\t<\/div>\n\t\t\t\t<\/div>\n\t\t\t\t<div class=\"elementor-element elementor-element-5c74ccb elementor-widget elementor-widget-heading\" data-id=\"5c74ccb\" data-element_type=\"widget\" data-e-type=\"widget\" data-widget_type=\"heading.default\">\n\t\t\t\t<div class=\"elementor-widget-container\">\n\t\t\t\t\t<h2 class=\"elementor-heading-title elementor-size-default\"><span style=\"font-size:34px\"><span style=\"font-family:worksans-semibold,work sans,sans-serif\">planejamento e estrat\u00e9gia em marketing<\/span><\/span><br><span style=\"font-size:34px\"><span style=\"font-family:worksans-semibold,work sans,sans-serif\"><\/span><\/span><br><span style=\"font-size:24px\"><span style=\"font-family:worksans-semibold,work sans,sans-serif\">MULTI PLATFORMA&nbsp;\/&nbsp;TRADE \/ PDV \/ DIGITAL \/ BI&nbsp;<\/span><\/span><\/h2>\t\t\t\t<\/div>\n\t\t\t\t<\/div>\n\t\t\t\t<div class=\"elementor-element elementor-element-0279226 elementor-widget elementor-widget-spacer\" data-id=\"0279226\" data-element_type=\"widget\" data-e-type=\"widget\" data-widget_type=\"spacer.default\">\n\t\t\t\t<div class=\"elementor-widget-container\">\n\t\t\t\t\t\t\t<div class=\"elementor-spacer\">\n\t\t\t<div class=\"elementor-spacer-inner\"><\/div>\n\t\t<\/div>\n\t\t\t\t\t\t<\/div>\n\t\t\t\t<\/div>\n\t\t\t\t\t<\/div>\n\t\t<\/div>\n\t\t\t\t\t<\/div>\n\t\t<\/section>\n\t\t\t\t<section class=\"elementor-section elementor-top-section elementor-element elementor-element-f31d9e8 elementor-section-boxed elementor-section-height-default elementor-section-height-default elementor-invisible\" data-id=\"f31d9e8\" data-element_type=\"section\" data-e-type=\"section\" data-settings=\"{&quot;animation&quot;:&quot;fadeInUp&quot;}\">\n\t\t\t\t\t\t\t<div class=\"elementor-background-overlay\"><\/div>\n\t\t\t\t\t\t\t<div class=\"elementor-container elementor-column-gap-default\">\n\t\t\t\t\t<div class=\"elementor-column elementor-col-100 elementor-top-column elementor-element elementor-element-93a6111\" data-id=\"93a6111\" data-element_type=\"column\" data-e-type=\"column\">\n\t\t\t<div class=\"elementor-widget-wrap elementor-element-populated\">\n\t\t\t\t\t\t<div class=\"elementor-element elementor-element-59638e7 elementor-widget elementor-widget-text-editor\" data-id=\"59638e7\" data-element_type=\"widget\" data-e-type=\"widget\" data-widget_type=\"text-editor.default\">\n\t\t\t\t<div class=\"elementor-widget-container\">\n\t\t\t\t\t\t\t\t\t<p><span class=\"color_20\">a BRAI \u00e9 uma ag\u00eancia de marketing e publicidade formada por especialistas com grande experi\u00eancia de mercado. <br \/><\/span><span class=\"color_20\">Criamos solu\u00e7\u00f5es inteligentes e r\u00e1pidas, que se adaptam ao or\u00e7amento de sua empresa.<\/span><\/p><p><span class=\"color_20\">Com um m\u00e9todo baseado em an\u00e1lise de dados e centrado em retorno do investimento,<br \/>elaboramos estrat\u00e9gias e a\u00e7\u00f5es para que seu neg\u00f3cio atinja seus objetivos.<\/span><\/p>\t\t\t\t\t\t\t\t<\/div>\n\t\t\t\t<\/div>\n\t\t\t\t\t<\/div>\n\t\t<\/div>\n\t\t\t\t\t<\/div>\n\t\t<\/section>\n\t\t\t\t<\/div>\n\t\t","protected":false},"excerpt":{"rendered":"<p>planejamento e estrat\u00e9gia em marketing MULTI PLATFORMA&nbsp;\/&nbsp;TRADE \/ PDV \/ DIGITAL \/ BI&nbsp; a BRAI \u00e9 uma ag\u00eancia de marketing e publicidade formada por especialistas com grande experi\u00eancia de mercado. Criamos solu\u00e7\u00f5es inteligentes e r\u00e1pidas, que se adaptam ao or\u00e7amento de sua empresa. Com um m\u00e9todo baseado em an\u00e1lise de dados e centrado em retorno&hellip;&nbsp;<a href=\"https:\/\/brai.com.br\/\" class=\"\" rel=\"bookmark\">Continue a ler &raquo;<span class=\"screen-reader-text\">BRAI<\/span><\/a><\/p>\n","protected":false},"author":1,"featured_media":0,"parent":0,"menu_order":0,"comment_status":"closed","ping_status":"closed","template":"page-templates\/template-pagebuilder-full-width.php","meta":{"neve_meta_sidebar":"","neve_meta_container":"","neve_meta_enable_content_width":"","neve_meta_content_width":0,"neve_meta_title_alignment":"","neve_meta_author_avatar":"","neve_post_elements_order":"","neve_meta_disable_header":"","neve_meta_disable_footer":"","neve_meta_disable_title":"","footnotes":""},"class_list":["post-12","page","type-page","status-publish","hentry"],"_links":{"self":[{"href":"https:\/\/brai.com.br\/index.php?rest_route=\/wp\/v2\/pages\/12","targetHints":{"allow":["GET"]}}],"collection":[{"href":"https:\/\/brai.com.br\/index.php?rest_route=\/wp\/v2\/pages"}],"about":[{"href":"https:\/\/brai.com.br\/index.php?rest_route=\/wp\/v2\/types\/page"}],"author":[{"embeddable":true,"href":"https:\/\/brai.com.br\/index.php?rest_route=\/wp\/v2\/users\/1"}],"replies":[{"embeddable":true,"href":"https:\/\/brai.com.br\/index.php?rest_route=%2Fwp%2Fv2%2Fcomments&post=12"}],"version-history":[{"count":22,"href":"https:\/\/brai.com.br\/index.php?rest_route=\/wp\/v2\/pages\/12\/revisions"}],"predecessor-version":[{"id":95,"href":"https:\/\/brai.com.br\/index.php?rest_route=\/wp\/v2\/pages\/12\/revisions\/95"}],"wp:attachment":[{"href":"https:\/\/brai.com.br\/index.php?rest_route=%2Fwp%2Fv2%2Fmedia&parent=12"}],"curies":[{"name":"wp","href":"https:\/\/api.w.org\/{rel}","templated":true}]}}